g(-1).
-49
Let p(m) = 3*m**2 + 25*m - 2. Give p(-8).
-10
Let n(y) = -y**3 - 6*y**2 - 13*y - 4. Calculate n(-2).
6
Let i(q) = 2*q - 96. What is i(50)?
4
Let o(i) = 4*i**3 - i**2 - 5*i + 3. What is o(3)?
87
Let y(j) = -j**2 - 14*j + 4. Give y(0).
4
Let h(u) = -12*u - 20. Calculate h(7).
-104
Let v(y) = -2*y - 14. What is v(-12)?
10
Let h(f) = 9*f + 5. What is h(-5)?
-40
Let o(n) = -28*n - 13. Give o(4).
-125
Let i(d) = 2*d**3 + d - 1. What is i(1)?
2
Let l(o) = o**2 + 10*o + 14. Give l(-7).
-7
Let y(r) = r**2 + 6*r - 4. Calculate y(-6).
-4
Let q(f) = 5*f - 36. Determine q(6).
-6
Let i(w) = -23*w**3 + 4*w**2 + w - 4. Give i(1).
-22
Let y(m) = -2*m + 9. Calculate y(4).
1
Let t(o) = o + 12. What is t(0)?
12
Let y(u) = 16*u + 55. Calculate y(-4).
-9
Let t(g) = -2*g**2 + 2*g - 3. Calculate t(-5).
-63
Let i(c) = -4*c - 166. What is i(-41)?
-2
Let w(x) = 4*x - 30. Calculate w(8).
2
Let s(d) = 3*d - 75. What is s(44)?
57
Let y(z) = -z**2 + 5. Calculate y(3).
-4
Let h(s) = s. Calculate h(-7).
-7
Let t(d) = -d**2 + 13*d - 38. Give t(9).
-2
Let d(p) = 2*p**3 + 33*p**2 + 21*p - 4. What is d(-16)?
-84
Let h(l) = -l**3 + 6*l**2 - 4*l - 1. Calculate h(4).
15
Let i(l) = l**3 - 10*l**2 + 15*l - 35. Calculate i(9).
19
Let j(s) = -3*s + 14. Determine j(6).
-4
Let c(f) = 2*f**2 + 5*f. Give c(-6).
42
Let w(b) = 4*b**2 - 29*b + 12. Determine w(7).
5
Let h(b) = b**3 - 9*b**2 - 11*b - 9. Calculate h(10).
-19
Let j(p) = p**2 + 64*p - 10. Determine j(-64).
-10
Let c(h) = h**3 + 6*h**2 - 2*h + 12. Determine c(-7).
-23
Let v(h) = -h**3 + 10*h**2 + 12*h - 13. What is v(11)?
-2
Let m(x) = -x - 2. What is m(5)?
-7
Let g(s) = -39*s**2 - 5*s + 7. Determine g(1).
-37
Let d(p) = -p - 11. Calculate d(-12).
1
Let r(g) = -g**2 - 2*g + 8. What is r(-4)?
0
Let i(b) = 3*b + 31. Determine i(-12).
-5
Let j(r) = r - 2. Calculate j(-10).
-12
Let n(u) = -10*u**2 + 107*u + 29. What is n(11)?
-4
Let s(p) = 10*p - 201. Determine s(13).
-71
Let f(h) = h**2 - 4*h - 2. What is f(5)?
3
Let a(k) = -k**3 + 9*k**2 + 16*k - 54. Give a(10).
6
Let f(y) = -y - 12. Give f(-9).
-3
Let b(t) = t**3 + 6*t**2 + 10*t + 18. What is b(-4)?
10
Let k(p) = -6*p + 212. Determine k(37).
-10
Let y(x) = x**2 - 30*x + 207. Determine y(22).
31
Let b(c) = 26*c**2 + 3*c + 2. What is b(-1)?
25
Let p(y) = -y**2 + 8*y - 2. Calculate p(8).
-2
Let g(x) = 2*x**2 + 61*x + 10. What is g(-30)?
-20
Let k(s) = -11*s - 1. Determine k(3).
-34
Let u(o) = -o**2 + 16*o + 2. Give u(17).
-15
Let g(w) = -132*w. What is g(-1)?
132
Let d(s) = -s**2 + 5*s + 1. Calculate d(6).
-5
Let p(b) = 31*b + 490. Give p(-16).
-6
Let w(r) = r**3 + 6*r**2 + 8*r - 5. Give w(-4).
-5
Let h(j) = -2*j**2 + 8*j - 14. What is h(6)?
-38
Let y(d) = d**2 + 27*d + 190. Calculate y(-17).
20
Let x(y) = y**3 + 7*y**2 + 4*y + 2. Give x(-7).
-26
Let u(r) = -31*r**2 + 10*r - 16. Calculate u(2).
-120
Let v(o) = 4*o**3 - 2*o**2 + 1. Give v(-1).
-5
Let l(u) = 2*u + 28. What is l(-10)?
8
Let o(t) = 19*t + 25. Determine o(-3).
-32
Let n(f) = f**3 + 13*f**2 + 14*f - 11. What is n(-12)?
-35
Let g(o) = -2*o**2 + 13*o. Give g(5).
15
Let u(n) = 6*n - 97. Determine u(28).
71
Let n(f) = -f - 2. Determine n(-3).
1
Let s(v) = -v**2 - 2*v + 11. Give s(-5).
-4
Let i(d) = d**2 + 18*d + 75. Give i(-8).
-5
Let z(p) = 4*p + 5. Determine z(-7).
-23
Let v(a) = -a + 17. Determine v(4).
13
Let j(a) = a**2 + 8*a - 4. Give j(-9).
5
Let n(s) = -9*s**2 + s - 2. Determine n(2).
-36
Let f(c) = c**3 - 37*c**2 + 67*c + 85. What is f(35)?
-20
Let q(z) = -9*z**3 + 3*z**2 + 2*z + 1. What is q(-1)?
11
Let z(c) = -c**2 + 2*c. Give z(1).
1
Let m(s) = -10*s**3 + s**2 - 4*s + 4. What is m(1)?
-9
Let w(x) = x**3 + 12*x**2 + 11*x. Calculate w(-11).
0
Let y(c) = -11*c - 114. Determine y(-11).
7
Let m(b) = b**3 + 6*b**2 - 9*b - 4. What is m(-6)?
50
Let h(a) = a**3 + 14*a**2 - 33*a - 19. Determine h(-16).
-3
Let y(l) = -l**3 - 11*l**2 - 16*l - 6. Calculate y(-8).
-70
Let s(j) = 2*j**2 - 20*j + 20. What is s(9)?
2
Let f(q) = 2*q + 3. Determine f(3).
9
Let l(n) = 2*n**2 + 48*n - 297. What is l(-29)?
-7
Let v(z) = z**3 + 43*z**2 + 84*z + 78. Give v(-41).
-4
Let w(c) = -c**3 + 5*c**2 + 14*c - 38. What is w(4)?
34
Let b(l) = 9*l**2 - 3*l + 2. Determine b(1).
8
Let s(h) = -3*h**3 - 2*h**2 - 3*h - 4. Determine s(-3).
68
Let r(t) = t + 11. Give r(-18).
-7
Let o(c) = c - 26. Calculate o(23).
-3
Let k(v) = -v - 27. What is k(-22)?
-5
Let u(h) = h**2 - 43*h - 3. Determine u(43).
-3
Let b(y) = -7*y - 5. What is b(-8)?
51
Let i(y) = -y + 16. Give i(-8).
24
Let v(d) = -46*d**3 - 2*d**2 - 5*d - 3. Determine v(-1).
46
Let r(k) = -59*k + 31. What is r(1)?
-28
Let n(p) = 3*p + 15. Calculate n(-5).
0
Let g(r) = 19*r - 43. Calculate g(2).
-5
Let b(n) = n**2 + 32*n + 10. Calculate b(-29).
-77
Let x(y) = -y**2 + 6*y + 19. Calculate x(7).
12
Let r(n) = -3*n + 11. What is r(7)?
-10
Let u(m) = -m**3 + m**2 + 4*m - 60. What is u(0)?
-60
Let a(x) = -12*x + 5. Give a(-3).
41
Let j(l) = -l**3 - 5*l**2 + l - 1. Give j(-2).
-15
Let d(i) = 63*i + 9. Calculate d(-4).
-243
Let u(t) = -t**3 + 4*t**2 - t + 4. What is u(3)?
10
Let p(o) = -2*o**2 - 15*o + 31. Calculate p(-9).
4
Let l(j) = 3*j + 5. Give l(13).
44
Let j(t) = t**2 + 20*t + 83. Give j(-6).
-1
Let f(z) = 6*z - 33. Calculate f(5).
-3
Let o(k) = 62*k + 690. Give o(-11).
8
Let o(s) = 22*s + 7. Determine o(3).
73
Let x(m) = -7*m + 64. Determine x(10).
-6
Let i(t) = 18*t + 129. Determine i(-7).
3
Let w(u) = -4*u + 6. What is w(10)?
-34
Let l(v) = -v - 8. Give l(8).
-16
Let d(w) = w**2 + 9*w + 2. Determine d(-8).
-6
Let v(h) = -h**3 - 12*h**2 - 9*h + 17. Determine v(-11).
-5
Let w(u) = -6*u**2 + 49*u - 56. Calculate w(7).
-7
Let v(m) = 5*m + 164. Give v(-30).
14
Let x(y) = 2*y**2 + 41*y + 144. Calculate x(-17).
25
Let h(v) = -16*v + 172. What is h(12)?
-20
Let q(k) = 4*k + 18. Calculate q(6).
42
Let h(m) = m**2 - 5*m - 1. Give h(6).
5
Let a(v) = v**2 + 9*v + 7. What is a(-11)?
29
Let u(x) = -x + 5. Calculate u(2).
3
Let p(g) = -g**3 - 2*g**2 + 3*g + 1. Give p(-3).
1
Let z(m) = -m**3 - 3*m**2 + m - 1. Give z(-2).
-7
Let t(y) = -y**3 - 25*y**2 + 49*y - 130. What is t(-27)?
5
Let b(d) = d**3 - 33*d**2 - 37*d + 98. What is b(34)?
-4
Let d(f) = -2*f**2 + 8*f - 2. Give d(4).
-2
Let g(w) = 4*w**2 + 17*w + 55. Give g(-6).
97
Let i(u) = -u - 5. Give i(15).
-20
Let y(q) = 89*q + 2. Determine y(-1).
-87
Let b(r) = 4*r**2 - 5*r + 3. What is b(3)?
24
Let p(o) = o**3 - 10*o**2 + 8*o + 4. What is p(9)?
-5
Let k(i) = i**2 + 5*i - 1. Determine k(5).
49
Let g(y) = y - 10. Calculate g(-6).
-16
Let t(v) = -7*v + 46. Calculate t(7).
-3
Let g(u) = -10*u + 94. Calculate g(9).
4
Let p(c) = -c**3 - 10*c**2 + 11*c - 1. Determine p(-11).
-1
Let t(c) = -c**2 - 8*c + 2. What is t(-7)?
9
Let s(t) = t**3 - 7*t**2 - 8*t + 19. Calculate s(8).
19
Let z(g) = g**2 - 11*g + 24. Calculate z(7).
-4
Let q(h) = -h**3 - 19*h**2 - h - 16. What is q(-19)?
3
Let u(j) = j**2 + 18*j - 10. Determine u(-18).
-10
Let p(b) = -49*b**3 + b**2 - b. Calculate p(1).
-49
Let r(m) = -m**3 - 2*m**2 - 3*m + 5. Calculate r(-4).
49
Let o(x) = 2*x**2 - 11*x + 12. Determine o(3).
-3
Let w(d) = -2*d**3 + 12*d**2 - 3*d + 6. Calculate w(6).
-12
Let g(i) = 3*i**2 - 9*i + 5. What is g(6)?
59
Let l(f) = -f**2 - 12*f - 19. Determine l(-8).
13
Let i(d) = d**2 - 5*d - 8. What is i(7)?
6
Let u(d) = -d**3 + d**2 + 9*d - 9. Determine u(-4).
35
Let s(b) = 10*b - 1. Determine s(-1).
-11
Let f(n) = n**3 + 6*n**2 + 9*n + 9. Calculate f(-6).
-45
Let v(q) = q**3 + 8*q**2 + 7*q - 10. Calculate v(-7).
-10
Let m(a) = a**2 + 9*a + 52. Determine m(-6).
34
Let q(s) = s**2 - 3*s + 2. Calculate q(5).
12
Let y(s) = s + 28. What is y(-10)?
18
Let z(u) = u**3 + 2*u**2 - 2*u + 1. Give z(-2).
5
Let w(h) = -3*h - 1. Give w(-2).
5
Let n(p) = 3*p**3 - p**2 + p - 1. Give n(1).
2
Let j(q) = -q**2 - 2*q + 197. What is j(0)?
197
Let t(g) = g**3 - 8*g**2 + 6*g + 6. Calculate t(7).
-1
Let q(i) = i**2 + 9*i + 4. What is q(-7)?
-10
Let d(c) = c**3 - 2*c**2 + 4*c + 34. Calculate d(0).
34
Let o(b) = 2*b + 4. Calculate o(-5).
-6
Let a(g) = -4*g**2 - 7*g - 2. Determine a(-5).
-67
Let k(v) = v**2 - 18*v - 45. Determine k(21).
18
Let n(b) = b**3 - 4*b**2 - 3*b + 7. Determine n(3).
-11
Let z(n) = n**2 - 2*n + 8. Give z(4).
16
Let b(o) = 5*o + 65. What is b(-7)?
30
Let t(k) = -2*k**3 - 11*k**2 - k + 11. What